(-2)?
19
Let r be 12/(-2)*(-1)/3. List the prime factors of 198/5 + r/5.
2, 5
Let a(q) be the second derivative of -3*q**3 - 17*q**2/2 + 2*q. Let s(d) = -6*d - 6. Let f(y) = -6*a(y) + 17*s(y). What are the prime factors of f(2)?
2, 3
List the prime factors of (-4)/14 + 8280/70.
2, 59
Suppose 0 = -2*i - 3*g + 6, -17 = -5*i + 5*g - 2. Suppose -4*k = i*m - 56, 0 = 2*m - k - k - 56. What are the prime factors of m?
2, 3
Suppose -4*k + 126 - 10 = 0. List the prime factors of k.
29
Suppose 2*l = -6, -6 = g + 2*l + 9. Let u(o) = o**2 + 7*o - 9. Let h be u(g). What are the prime factors of (h/(-3))/(3/(-3))?
3
Suppose -4*c - 3*u - 7 = 0, -4*c + 2*u = -6*c - 4. Let i = 1 - c. Suppose 4*p = -i*v - 6, -4*v = -3*v - 2*p - 9. List the prime factors of v.
3
Let f be 3 + (-1 - 3) + 3. Suppose -d + 9 = f*d. What are the prime factors of d?
3
Let z(o) = o**2 + 3. List the prime factors of z(-9).
2, 3, 7
Let o(b) = b**3 + 8*b**2 + 9*b. Let i be o(-7). Let p = -7 - i. What are the prime factors of p?
7
Let m(j) = -j - 1. Suppose -r + 0*i = 5*i + 23, 4*r + 41 = -3*i. What are the prime factors of m(r)?
7
Suppose 3*v = -2*v. List the prime factors of (2 - 3) + 3 + v.
2
Suppose 5*n - 3*a - 2*a - 1005 = 0, a + 609 = 3*n. What are the prime factors of n?
2, 3, 17
Let h(r) = 4*r**2 - r. Let k be h(2). Suppose -3*i + b + 4 = 0, 5*i + 2*b + k - 6 = 0. Suppose -2*g + 6 + 18 = i. List the prime factors of g.
2, 3
Suppose -150 = -5*w + 45. Suppose -4*c - w = -131. What are the prime factors of c?
23
Let u(r) = -r**3 + 2*r**2 - r + 20. What are the prime factors of u(0)?
2, 5
Let w(g) be the first derivative of -g**5/60 + 3*g**4/8 - g**3/3 + g**2/2 + 2. Let s(t) be the second derivative of w(t). List the prime factors of s(7).
2, 3
Let y(n) = -n**2 + 10*n. Let v be y(8). Let r = -5 + 9. Suppose v = r*q - 4. List the prime factors of q.
5
Let y(p) = p**3 - 8*p**2 - 7*p - 12. Let o be y(9). Let m be (66/4)/(o/(-12)). List the prime factors of (1/3)/((-1)/m).
11
Let b(w) = -2*w + 3. Let t = -9 - -4. List the prime factors of b(t).
13
Suppose 2*b = b + 108. Let z = b - 76. Suppose w + 3*w - z = 0. List the prime factors of w.
2
Let o(q) = q + 16. List the prime factors of o(-10).
2, 3
Let r(b) = b**2 - b + 20. Let w = -5 + 5. List the prime factors of r(w).
2, 5
Suppose -5*v + 741 = 3*w, 4*w - 3*w + 603 = 4*v. Suppose 5*b + 100 = -2*o + 5*o, 5*b = 5*o - v. What are the prime factors of o?
5
Let r = -89 + 196. List the prime factors of r.
107
Let w(m) = -3*m + 11. Let n be w(-9). Let p = -27 + n. What are the prime factors of p?
11
Let p(r) = r**2 + 7*r + 8. Let i be p(-6). Suppose 0 = -m - i*q + 3*q + 20, m = -5*q + 20. List the prime factors of m.
2, 5
Let s be -1 - 1/((-2)/6). Suppose -w = s*w - 45. What are the prime factors of w?
3, 5
Suppose -6*t = -3*t. Suppose 7*w - 4*w = -g - 295, 2*w = -4*g - 180. List the prime factors of (-1 + t)*w/10.
2, 5
List the prime factors of 2 + 1/((-2)/(-148)).
2, 19
Let d(p) = 4*p**2 + 3*p + 1. Let w = -2 + 5. Let a = -5 + w. List the prime factors of d(a).
11
Let t = 2 + 3. What are the prime factors of t?
5
Suppose a = -2*w + 4*w, 2*a - w = 15. List the prime factors of a.
2, 5
Let r = -29 - -77. Suppose r = m + 2*m. List the prime factors of m.
2
Suppose -3*c - 3*w = 147, -137 = 3*c + 5*w - 0*w. List the prime factors of (-2)/5 - c/10.
5
Let q(r) = -3*r - 9. Let n be q(-7). Let a = 22 - n. Let g = a + -4. List the prime factors of g.
2, 3
Let y(n) = -n**2 + 9*n - 1. Suppose l = -5*k + 46, 0*k + l - 6 = -k. Let w be y(k). Let d = w + 24. List the prime factors of d.
13
Let f(o) = -36*o + 16. Let v(w) = -9*w + 5. Let b(s) = 28*s - 16. Let u(c) = 2*b(c) + 7*v(c). Let x(n) = 2*f(n) - 11*u(n). List the prime factors of x(2).
3
Let a(n) = n**2 + 2*n - 13. List the prime factors of a(7).
2, 5
Suppose 8 = 4*p, 7*p - 4*p - 46 = -5*m. Let x = 9 + m. What are the prime factors of x?
17
Let n(r) = 44*r**2 + r. Let q be n(-1). Suppose -d = -2*a - a + q, 3*d + 25 = a. What are the prime factors of a?
13
Let b(h) = h**2 + h. Let f(p) = 2*p**2 - 2*p - 2. Suppose 2*l = 5*d + 23, 4*l - 5*d = 31 - 10. Let n(a) = l*f(a) + b(a). What are the prime factors of n(3)?
2
Suppose 0 = -j + 4*j - 15. List the prime factors of j.
5
Let d(m) = 2*m**3 - 2*m**2 - 1. Let n be d(2). Let x = n - 3. List the prime factors of x.
2
List the prime factors of (0 + (-2)/(-3))/(66/26829).
271
Let g = 6 + -6. Let l be -14*(3 + g/(-3)). What are the prime factors of (l/12)/((-2)/4)?
7
Suppose -q - 7 = -41. Let c = -21 + q. List the prime factors of c.
13
Suppose 7*i - 180 = 2*i. Suppose q + q - i = 0. Let a = q + -8. What are the prime factors of a?
2, 5
Let t be (20/(-8))/((-2)/4). Suppose -o = 3*o + k, t*k = -3*o. Suppose -3*h + 2*n + 4 = o, -3*n + 20 = -0*h + 2*h. List the prime factors of h.
2
Let s be (2/(-3))/((-4)/(-72)). Let m = s - 16. List the prime factors of ((-36)/14)/(4/m).
2, 3
What are the prime factors of 20/11 + (-6)/(-33) - -133?
3, 5
Let h(s) = 10*s**3 + 2*s - 1. Suppose c - 4*c = -9, 5*n - 5*c + 10 = 0. List the prime factors of h(n).
11
Suppose 2*t - 30 + 14 = 0. List the prime factors of (-2)/t + (-157)/(-4).
3, 13
Suppose -5*s + 230 = -0*s. Suppose r - 3*r = -s. List the prime factors of r.
23
Suppose -135 + 3 = -4*g. Suppose 0*j - g = -j. What are the prime factors of j?
3, 11
Let b(d) be the third derivative of -4*d**2 + 0*d + 1/120*d**6 + 1/8*d**4 - 1/3*d**3 + 0 + 7/60*d**5. List the prime factors of b(-6).
2
Suppose 0 = 4*m - 12, -r + 5*m + 9 = -3. What are the prime factors of r?
3
Let m be (6/3)/(3 + -2). Suppose 4 = -m*c + 28. Suppose 3*q - c = -3*j, -5*j + 5*q + 45 + 5 = 0. List the prime factors of j.
7
Suppose 0 = -3*w + w + 4, -4*n + 834 = -3*w. What are the prime factors of n?
2, 3, 5, 7
Suppose 0*o - 666 = -6*o. What are the prime factors of o?
3, 37
Suppose -13 = -4*i + 3. Suppose 3*k = i*k - 5. Let z(m) = m - 3. List the prime factors of z(k).
2
Let q(v) be the second derivative of v**5/20 + 5*v**4/12 + v**3/2 - 2*v**2 + 2*v. Let z be q(-4). Suppose w + z*w - 8 = 0. List the prime factors of w.
2
Suppose -2*j = 2*i + 18, 5*i + 22 = -3*j - 7. Let k = 11 + j. List the prime factors of k.
3
Suppose 0 = 12*a - 14*a + 26. What are the prime factors of a?
13
Let g = -111 - -167. What are the prime factors of g?
2, 7
Let w = 13 - 7. Let n = 10 - w. Suppose 3*i = n*m - 75, 7*i = -5*m + 3*i + 117. List the prime factors of m.
3, 7
Suppose -2*r + 34 = -4. Suppose s = 3*s - 4, -h = -s - r. List the prime factors of h.
3, 7
Suppose -3*b - 218 = -701. What are the prime factors of b?
7, 23
Let v be 30*-1*2/(-6). Suppose -v = -4*g - 2. What are the prime factors of g?
2
Let v = 12 + -7. Suppose -2*a + 19 = -3*r, 4*r = 2*r - 6. Suppose -4*i = -a*l + 43, -l + 29 = 3*l - v*i. What are the prime factors of l?
11
Let g be 3 + 2/(-1 + -1). What are the prime factors of (-124)/(-44) + g/11?
3
Let f(x) be the first derivative of 5*x**4/4 - x**3/3 - x**2/2 + 2*x + 2. What are the prime factors of f(2)?
2, 3
Let s be (3 - -7)*(-4)/10. Let g be -2 - (6/(-3) + s). List the prime factors of g/((-3)/(1 - 7)).
2
What are the prime factors of ((-3)/((-9)/16))/((-2)/(-33))?
2, 11
Let c = 17 + 180. List the prime factors of c.
197
Suppose 2*o - 4 = -0. Let d(l) = -o*l**3 + 5*l + l**3 - 2*l + 2*l**2. List the prime factors of d(-2).
2, 5
Let s be (9/4)/(12/32). Let o = s - 4. List the prime factors of o.
2
Suppose 0*v + 8 = v. Let a = v - 1. List the prime factors of a.
7
Let k(u) = -21*u + 17. List the prime factors of k(-7).
2, 41
Let d(l) = 4*l**2 - 3*l**3 - 3*l**3 - 5*l**2. Let c = 1 + -2. What are the prime factors of d(c)?
5
Let d(r) = r**2 - 3*r - 1. Let a be d(-2). Suppose 2*u = -a + 27. List the prime factors of -2*1*u/(-6).
3
Let y = 184 - -185. List the prime factors of y.
3, 41
Suppose 2*g - 29 = 29. What are the prime factors of g?
29
Let i = -13 - -23. Let f = i - -6. Suppose 0*z - f = -n + 3*z, z = 5*n - 38. List the prime factors of n.
7
Let o(c) = 6*c**3 - c**2 + 1. Let i be o(1). Suppose 20 = 2*t + 2*t. Suppose 6*q - 3 = -w + t*q, 2*w + 3*q = i. What are the prime factors of w?
3
Let z be (2/1)/((-12)/(-18)). Suppose 3*k - 17 = r, z*r + 19 = 3*k - 2*k. List the prime factors of k.
2
Let t = 11 + -22. Let o = 38 - t. List the prime factors of o.
7
Let s(